 be b(7). Suppose 0 = -3*p - p + 4. Let z be (1/(-2))/(p/(-52)). Calculate the greatest common factor of z and i.
13
Let f = -43 + 19. Let c be (f/(-10))/(3/20). Calculate the highest common factor of 128 and c.
16
Let m(v) = -2*v - 9. Let g be m(-7). Suppose 2*s = -g*y + 36, -3*y - 20 = -5*s + 2*y. Calculate the greatest common factor of 64 and s.
8
Suppose 2 = -4*m + 62. Suppose -4*z = -z - 5*h - m, 2*z = 3*h + 10. Suppose -2*w + w + 25 = 0. What is the greatest common factor of w and z?
5
Suppose -1314 + 306 = -6*b. Calculate the highest common factor of b and 24.
24
Let p be (-2)/8 - 1/(-4). Suppose p*h = -2*h + 176. Let f = -13 - -24. What is the greatest common divisor of h and f?
11
Suppose -q = 4 - 3, 3*c - 29 = 5*q. Calculate the highest common factor of c and 56.
8
Let l(x) = 10*x - 31. Let y be l(4). Let f(j) = 37*j - 1. Let q be f(1). What is the highest common divisor of y and q?
9
Let c(g) = 8*g - 8. Let f be c(16). What is the highest common factor of 12 and f?
12
Let c(m) = 2*m**2 - 12*m + 4. Let d be c(8). What is the highest common divisor of 4 and d?
4
Let j = -54 + 144. Suppose -t - 13 = -5*o, 3*t - 5*o + 9 = -0*t. Suppose 50 = 3*r + t*r. What is the greatest common divisor of r and j?
10
Let s = 7 - 2. Calculate the greatest common factor of 15 and s.
5
Let o be 0 + -1 + 15 + 0. What is the highest common divisor of o and 28?
14
Let m(i) = 2*i**2 - 9*i - 8. Let b be m(8). What is the greatest common divisor of b and 16?
16
Let j = 127 - 22. Calculate the greatest common divisor of 21 and j.
21
Let m = -6 - -14. Calculate the greatest common factor of m and 16.
8
Let t(u) = -u**2 - 6*u + 2. Let r be t(-6). Suppose r*n = 2*z - 3*n - 1, 0 = -4*z + n + 47. What is the greatest common divisor of 39 and z?
13
Let h(z) = -z + 3. Let g be h(-8). Calculate the greatest common divisor of 33 and g.
11
Suppose 0 = 6*p - 9*p + 60. Suppose g = p + 7. Calculate the greatest common divisor of 18 and g.
9
Let h(d) = -d**2 - 12*d - 2. Let w be h(-5). Calculate the greatest common divisor of w and 11.
11
Let k = -174 - -254. Calculate the highest common divisor of 32 and k.
16
Let j = 182 - 116. Suppose -16 = l - 5*l. Suppose -3*a - 3*d = -0*d - j, 109 = 5*a + l*d. What is the greatest common divisor of a and 3?
3
Let u(h) = 4*h + 30. Let j be u(5). Calculate the highest common divisor of 10 and j.
10
Suppose 2*w - 4*w + 16 = 0. Let m(j) be the third derivative of 4*j**4/3 - 2*j**2. Let i be m(1). What is the greatest common divisor of w and i?
8
Suppose 0*u + 4 = 2*u. Suppose u*c - 5 = 3. Suppose -c*g + 40 = g. What is the greatest common divisor of 8 and g?
8
Let w(i) be the first derivative of i**4/4 + 8*i**3/3 - 3*i + 2. Let y be w(-8). Let f = 11 - y. Calculate the greatest common divisor of f and 2.
2
Let c = 84 + -60. Let o = 22 + -19. Calculate the highest common factor of o and c.
3
Suppose -3*v - v = a + 3, -5*a = -v - 27. Let q = -5 + 10. Calculate the highest common divisor of a and q.
5
Suppose -10*a = -867 + 127. What is the highest common divisor of a and 37?
37
Let u(j) = j**3 + 3*j**2 - 6*j + 3. Let t be u(-4). What is the highest common divisor of t and 66?
11
Suppose 0 = 4*i - 0*i + 20, 0 = 4*f - 4*i - 808. Suppose -163 = -5*b + f. Suppose b = 2*s + 2*s. What is the greatest common factor of 54 and s?
18
Let p(r) = r**3 + 15*r**2 + 15*r + 14. Let n be p(-14). Suppose 40 = 4*y - n*y. Let x = 2 - 0. Calculate the highest common factor of x and y.
2
Let v be ((-1)/(-2))/((-2)/(-208)). Suppose 136 - v = 4*w. Suppose 0 = 9*x - 4*x - 15. Calculate the greatest common divisor of x and w.
3
Suppose 2 = -n + 7. Suppose n*g - 66 + 1 = 0. Let q(k) = -k**3 - 4*k**2 + 9*k + 8. Let h be q(-6). What is the highest common divisor of g and h?
13
Let c = 9 + -2. Calculate the greatest common factor of 35 and c.
7
Let x = -29 + 69. Calculate the greatest common factor of 360 and x.
40
Let x be 4320/28 - (-6)/(-21). Let m = x - 99. What is the highest common divisor of m and 5?
5
Let q be 3 + -4 - (-13 - -1). Suppose -4*h + 53 = 9. What is the highest common factor of h and q?
11
Suppose 2 - 16 = -r. Let a(b) = 6*b**3 - b**2 + 2*b. Let j be a(2). Suppose -j = -2*s + 4*w, -s + 34 = 2*w + 2. Calculate the highest common factor of s and r.
14
Let o be (-5)/((-2)/12 - 0). Calculate the greatest common factor of 12 and o.
6
Let x = 28 + -20. What is the highest common factor of x and 40?
8
Suppose -w + 293 = 3*t + 3*w, -5*t + 2*w = -497. What is the greatest common factor of 11 and t?
11
Let z(w) = 0*w + 19*w**3 + 0*w**2 + 2*w**2 - w. Let a be z(1). Suppose -2*x + 200 = -0*x. What is the greatest common factor of x and a?
20
Let a(j) = -j**2 + 5. Let z be a(3). Let s(u) = -2*u - 4. Let x be s(z). Calculate the greatest common factor of 16 and x.
4
Suppose -442 = -5*x + 413. Calculate the highest common divisor of 9 and x.
9
Let b(f) = f**2 + 5*f - 56. Let u be b(6). Suppose 4*a - 40 = -y - a, 2 = -a. What is the greatest common divisor of u and y?
10
Suppose -d = -3*v + 34, v - 3*v - 3*d + 8 = 0. Calculate the highest common divisor of v and 310.
10
Let g(j) = -j + 2. Let t be g(6). Let f be 2435/(-20) + 1/t. Let q be (-18)/(-24) + f/(-8). What is the highest common divisor of 16 and q?
16
Let s(t) = t**2 - 5*t + 6. Let v be s(7). Calculate the greatest common divisor of 10 and v.
10
Suppose 162 + 294 = 4*g. Calculate the highest common divisor of 76 and g.
38
Let s = 46 + -24. Let p = 44 - s. Let u be (-2 + -7)/((-2)/p). What is the greatest common factor of u and 11?
11
Let z(t) = t**3 + 8*t**2 + 9. Let a be z(-8). Suppose -y - 20 = a. Let s = -7 - y. Calculate the greatest common divisor of s and 33.
11
Suppose 0*u = -4*u + 288. Let g(w) = -w - 17. Let t be g(-12). Let m(d) = -4*d - 2. Let c be m(t). What is the highest common factor of u and c?
18
Let f be 2*(-3 + 2)*-54. Suppose -471 = -4*j + 3*y, -j - f = -2*j + 4*y. Let m = -21 + 36. What is the greatest common factor of m and j?
15
Let m(z) = 220*z**3 + z**2 - 5*z + 4. Let x be m(1). Calculate the highest common factor of 20 and x.
20
Let c = -18 - -33. Let d(i) be the second derivative of -19*i**3/2 - 3*i**2 + 5*i. Let z be d(-3). Calculate the highest common divisor of c and z.
15
Suppose 2*r = 49 - 1. Suppose -5*m - 16 = -4*s, s - m = -4*s + 41. Let d = s - 3. Calculate the greatest common divisor of r and d.
6
Let t = 4 - 0. Suppose 4*n = t, 5*z - 2*n - 39 = -n. Suppose z + 6 = y. What is the greatest common divisor of y and 7?
7
Let f = 3 - 9. Let d(t) = -t**3 - 7*t**2 - 6*t + 4. Let n be d(f). Let a = 18 + 26. Calculate the greatest common divisor of a and n.
4
Let f = -4 - -6. Let o be (9/2)/(f/(-4)). Let t = o + 17. What is the highest common divisor of 20 and t?
4
Let v(t) = -21*t + 33. Let b be v(-13). Calculate the greatest common factor of 34 and b.
34
Let w(i) = -i + 112. Let q be w(0). Let n be -1 - (-2 - 1) - -8. Let c = n - -4. Calculate the greatest common factor of q and c.
14
Let i = 83 - 72. What is the greatest common factor of i and 33?
11
Suppose 12 = 7*n - 3*n - 2*o, 3*n - 4*o + 1 = 0. Calculate the greatest common factor of n and 25.
5
Suppose f + 5*l - 115 = 6*f, 3*l = -4*f - 64. Let y be 1 - (f - (1 - -1)). Calculate the highest common factor of 55 and y.
11
Let b(t) = -t - 1. Let r be b(-4). Suppose r*w - 148 = 47. Suppose 3*d = 2*l - 55, -2*d - 76 = -3*l - 4*d. Calculate the highest common factor of l and w.
13
Let u = 4 - 0. What is the greatest common factor of 4 and u?
4
Let i(v) = -3*v - 10. Let w be i(-6). Calculate the highest common divisor of 8 and w.
8
Suppose 201 = 2*r - 583. Let a be (-2)/(-5) + r/20. Let z(g) = g + 40. Let p be z(0). What is the highest common factor of p and a?
20
Suppose 23 = 3*m + 8, -5*m = w - 102. What is the highest common divisor of 7 and w?
7
Let x(f) = -f**3 - 2*f**2 + 5*f + 4. Let s be x(-4). Let d(w) = 4*w**2 - 2 - 3*w + 10*w - 1. Let v be d(-7). Calculate the greatest common factor of v and s.
16
Let c(l) = 6*l**2 - l - 2. Let z be c(4). What is the highest common factor of z and 10?
10
Suppose 5*f - 68 = -8. Let s = 84 + -36. Calculate the highest common factor of s and f.
12
Suppose -3*p + 27 + 15 = 3*u, -u = 4*p - 29. What is the greatest common divisor of u and 1?
1
Let p(k) = 3*k + 1. Let v be p(3). Let j = 100